 Let j be q(o). Let l(f) = -f**3 + f**2 - 2*f. Give l(j).
16
Let a(l) = l**2 - 8*l + 5. Let k(h) be the first derivative of -h**3/3 + 6*h**2 + 21*h + 45. Let o be k(13). Give a(o).
5
Suppose 0 = i + 6*i. Suppose i = -3*m + 8*m - 15. Let u(y) = -11*y**2 - 2 - 2 + 15*y**2 + 5*y**3 - 4*y**m. Give u(-3).
5
Let g be (4 - 2)*(-351)/(-54). Suppose -4*u = 9*w - g*w + 32, -3*w = -4*u - 21. Let v(p) = -3*p + 8. What is v(w)?
-25
Let p(d) = -9*d**3 - 18*d**2 + 34*d + 31. Let n be 3/(-36) + 249/(-36). Let q(j) = -5*j**3 - 9*j**2 + 18*j + 16. Let m(a) = n*q(a) + 4*p(a). Give m(-10).
12
Let k = -80 + 100. Let h be -4 - k/5 - 2. Let g be (-18)/h + 1*(-8)/(-40). Let y(r) = r**2 + 3*r - 1. Determine y(g).
9
Let o(s) = -s**3 - 23*s**2 - 61*s - 23. Suppose 3*l + 79204 = 79144. Give o(l).
-3
Let n be (-2)/(-8) + (-26)/8. Suppose 4*c + 6 - 2 = 2*d, 5*d = 5*c + 15. Let i(l) = -420*l - d - 3 + 419*l. Calculate i(n).
-4
Let d(z) be the third derivative of -z**5/60 + 5*z**4/6 + 73*z**3/6 - 297*z**2 + 2*z. Give d(23).
4
Let o = 89 - 89. Let t(v) = o + v**3 + 7 + 2*v**2 - v - 6 - 2*v. Let y be 3/(-2)*(-3 + 5). Give t(y).
1
Let x(m) = m**3 - 19*m**2 - 22*m + 42. Let h be x(20). Suppose 0 = 3*o + h*g - 5 - 1, -2*g = 6. Suppose -o*y + 0*y - 40 = 0. Let z(r) = r + 4. What is z(y)?
-6
Let v(d) be the first derivative of 53 + 1/3*d**3 + 0*d**2 + 4*d. Calculate v(-4).
20
Let h(b) = 39479*b - 118464*b + 39492*b + 9 + 39472*b - 3*b**2. Calculate h(-6).
27
Let c(f) = f**2 + 12*f + 5. Let w be (-4)/6*((-196)/1274 - 160/(-26)). Calculate c(w).
-27
Let p be 52/(-27) - -2 - (-652)/(-54). Let c(g) = g**2 + 12*g - 19. Give c(p).
-19
Let g(a) = -82*a - 16. Let d(b) = -108*b - 15. Let z(j) = -3*d(j) + 4*g(j). Calculate z(-5).
1
Let c(v) = -6 + 6*v + 2 + 8*v**2 + v + 6*v + v**3. Let t be c(-6). Let k be (-1 - 78/(-15)) + 2/t. Let i(u) = 3*u - 6. Determine i(k).
6
Let j = -500 - -502. Suppose -n + 6 = -18. Let v(s) = 45*s - 20*s - n*s - 2*s**j. Give v(-1).
-3
Let a(d) = -9*d**2 + d + 1. Let v = -48 - -48. Let f(t) = t**3 + 2*t - 1. Let j be f(v). Let y be j - -2*(-1 + 2) - 2. Determine a(y).
-9
Let b be -3*((-160)/(-12))/(-8). Suppose -11*q = b*q - 160. Suppose 13*m = q*m - 3. Let d(y) = 3*y**3 + y**2. Give d(m).
-2
Let y(x) be the second derivative of x**6/120 - 2*x**5/15 - 7*x**4/24 - 4*x**3/3 + 59*x**2 + 3*x - 22. Let k(v) be the first derivative of y(v). What is k(9)?
10
Suppose 4*r - 14 = -6*l + 3*l, -6 = -3*r. Suppose 0*b + 2 = -2*b - s, 5*b = -l*s - 7. Let f(w) = -3*w - w - 2 + 2*w + 3. What is f(b)?
7
Let w(i) = i**2 - 4. Let f(k) = -k**2 + 2*k + 5. Let l(v) = -3*f(v) - 4*w(v). Let b(n) = -n**2 + 13*n - 8. Let m be b(13). Determine l(m).
-15
Let r(q) = 3*q**2 + q**3 - q + 5*q**3 + 2 + 4*q**3 - 9*q**3 + 0*q**3. Give r(-3).
5
Suppose 44 = 5*c - c. Suppose 4*g = 5*g. Let s(i) = 0*i - 1 - 4*i - c*i + g*i. What is s(1)?
-16
Let g(r) = r + 3. Let d(z) be the first derivative of -z**3/3 - z**2/2 + 19*z - 123. Let n be d(-6). Calculate g(n).
-8
Let f = 166 + -162. Suppose 5 + 1 = -2*m, -11 = -4*q + m. Let v(w) = -6*w**2 + 6 + 2*w + 7*w**q + w**3 + f*w**2. Give v(-5).
-4
Let v be 6*2/(-3)*(-131)/(-262). Let p(t) = -t**3 - 4*t**2 + 2*t + 2. Calculate p(v).
-10
Let u be (-3 - -10) + -3 - 10. Let i(q) = 2*q**2 + 9*q + 1. Determine i(u).
19
Let x(r) = 5 + r**2 - 1244*r - 4*r**3 + 1241*r + 5*r**3. Let v be ((3 + -2)*6)/(-2). Give x(v).
-4
Let a(v) be the second derivative of 0*v**2 + 0 - 7/12*v**4 - 38*v + 1/6*v**3. Let c = 11 + -10. Calculate a(c).
-6
Let d(f) = -12*f**2 + 3*f**3 - 7*f**3 + 3 + 14*f + 0 + 13 + 3*f**3. Calculate d(-13).
3
Let w(c) = 2*c + 12. Let h(d) = 1. Let f(t) = -4*h(t) + w(t). Let g = -81152 - -81142. Determine f(g).
-12
Let h be 2/9 - 254/9. Let w be (h/21)/(3/((-36)/8)). Let j(z) = -2*z + 1. Determine j(w).
-3
Let r(q) = -q**2 + 34*q - 190. Let m be r(27). Let v be m - (((-1)/1 - 10) + 4). Let o(c) = -c**2 + 4*c - 1. What is o(v)?
-13
Suppose 3*w + 138 = 4*j - 8, 0 = 4*j + 2*w - 136. Let a(g) = j - 30 + 13*g - 9. Calculate a(3).
35
Let x(z) = -14*z**3 - 2*z + 1. Let j(b) = 57*b**3 + b**2 + 10*b. Let v(a) = -j(a) - 4*x(a). Let c be (-12)/18 + 12/(-9). Calculate v(c).
4
Let i(n) = 2*n + 2*n**3 + 4 - 32*n**2 + 12 + 5*n**2 + 17*n**2. Let u be i(4). Let s(q) = -q**3 - 9*q**2 - 8*q - 7. Determine s(u).
-7
Let o(h) = 2*h**3 + 12*h**2 - 2*h - 20. Suppose -8*w = -3*v - 2*w + 18, -42 = 4*v + 3*w. What is o(v)?
-8
Let y = 16 - -194. Suppose -2*k + y = 190. Let s(f) = f - 8. Give s(k).
2
Let d(y) = -9*y + 11. Suppose -187*f + 189*f + 4*h + 28 = 0, -5*h = -4*f - 4. Calculate d(f).
65
Let j(f) = -f**3 - 26*f**2 + 24*f + 52. Let c be j(-27). Let z = -143 + c. Let s(r) = -r**2 - 11*r - 3. Determine s(z).
7
Let v(l) be the first derivative of -11*l**5/60 + l**4/24 + l**3/6 + 7*l**2/2 - 4*l - 69. Let z(c) be the second derivative of v(c). Calculate z(-1).
-11
Let l(t) = 3733 + 0*t + 2*t - 3734. Suppose 4 = g, 2*f - 6 = -2*g + 4*g. Give l(f).
13
Let t(r) be the first derivative of r**4/24 + 3*r**3 - 6*r**2 + r + 31. Let k(m) be the second derivative of t(m). What is k(-12)?
6
Let x(r) = r**2 + r - 9. Let p be 4/((-12)/(-15))*5. Let m = p - 25. What is x(m)?
-9
Let m(z) = z**2 - 152*z + 4339. Let a be m(114). Let v(h) = -3*h**3 + 21*h**2 - h + 9. Calculate v(a).
2
Let u(f) = -f**2 - 4*f - 5. Let i be -16 - 3/(-6)*-6. Let t = 21 + i. Suppose 4*y = -t*s - 20, s = -2*s + 5*y + 3. What is u(s)?
-5
Suppose 2420*l - 2415*l = -39 - 11. Let w(a) = -a - 2. Let g be w(-2). Let u(h) = g*h - h**3 - 8*h - 11*h**2 + 3*h - 4*h + 10. Give u(l).
0
Let v = -10 - -5. Let a be (1 - -4)*2/v. Let h(b) = 3*b**2 - b - 5. Let i(x) = -6*x**2 + x + 9. Let t(k) = -5*h(k) - 3*i(k). Determine t(a).
6
Let j be (60/28)/(440/1232). Let f(o) = -4 + 2*o**2 + 2 - 3*o**2 + 3*o + 5*o. Calculate f(j).
10
Let d(b) be the second derivative of b**5/20 - b**4/2 + b**3/2 - 19*b**2/2 - 598*b. Determine d(6).
-1
Let n(f) = -80 - 24*f + 4*f + 77 + 6*f + 12*f. Suppose -4*a + 6 = -6. Calculate n(a).
-9
Let p(r) be the second derivative of -11*r**4/12 - r**3/6 - r**2/2 - 563*r + 40. Let u be 1*2*(-1)/2. Give p(u).
-11
Let m(h) = -383 + 1165 - 390 - 391 - h - 4*h**2. Determine m(3).
-38
Let t(n) = -n**3 + 10*n**2 - 12*n + 13. Let d = -34 + -234. Let c = d - -277. What is t(c)?
-14
Let s(x) = 11*x**3 - 2*x**2 - 3*x + 12. Let o(m) = 4*m**3 - m**2 - m + 1. Let a(k) = -3*o(k) + s(k). Determine a(3).
-9
Let f(d) = 12*d + 24*d**2 + 21*d**2 + 16 + 22*d**2 + 23*d**2 - 91*d**2. Calculate f(14).
-12
Suppose 15 = 12*j - 9. Let h(w) = -5 + 35*w - w**j + 37*w + 45*w - 125*w. Give h(-9).
-14
Let b(w) = -w**2 + 15*w + 20. Let v(q) = -q**2 - 20*q - 67. Let l be v(-14). What is b(l)?
-14
Let n(c) = 9*c**2 + c. Let w(s) be the third derivative of 1/60*s**5 + 8*s**2 + 0*s + 0 + 1/24*s**4 + 1/120*s**6 + 1/6*s**3. Let t be w(0). Determine n(t).
10
Let r = -18831 - -18833. Let u(x) = -4*x**3 + 5*x**2 - 3. Determine u(r).
-15
Let k(x) = -93*x**2 - 44 + 91*x**2 + 15*x + 0*x. Give k(4).
-16
Let j be ((-184)/(-138))/(44/(-36) + 1). Let n(z) = z**2 + 5*z + 8. Calculate n(j).
14
Suppose -3*u = 12, -6*u - 11 = -3*w - 7*u. Let d(z) = -25*z**3 - 2 - 36*z**3 + 60*z**3 - z - w*z**2. What is d(-5)?
3
Let p(j) = j - 1. Let a(f) = f + 6 - 5*f + 5*f - 2*f. Let h be a(4). Suppose -4*m + 5*n - 4 = 0, h*m + 5*n = -m + 32. What is p(m)?
3
Let z = 27 + -20. Let w(f) = -3*f**3 + 5*f**2 - 9*f + 33. Let j(v) = -v**3 - v**2 - 6*v + 12. Let c(g) = 2*j(g) - w(g). What is c(z)?
-30
Let o(g) be the third derivative of -g**5/30 + 19*g**4/24 - 14*g**3/3 - 607*g**2 - g. Calculate o(8).
-4
Let q(y) be the second derivative of 0 + 0*y**2 + 1/12*y**4 + 155*y + 0*y**3. Calculate q(3).
9
Let n be (-42)/9*(-33)/(-66)*(5 + -2). Let x(j) = -j**2 + 17*j + 176. Calculate x(n).
8
Let h(o) be the third derivative of o**4/12 - 7*o**3/6 - 6*o**2 + 77*o. Determine h(0).
-7
Let b(i) = 12*i + 22. Let c = 185 - 189. What is b(c)?
-26
Let q be 1 + 0 - 2 - -1. Let k(i) be the second derivative of -i**4/24 + 2*i**3/3 + 110*i**2 - 5*i. Let b(h) be the first derivative of k(h). Give b(q).
4
Let f(d) be the first derivative of 5/12*d**4 + 5/3*d**3 + 0*d + 28 + 1/60*d**5 - 14*d**2. Let j(z) be the second derivative of f(z). Determine j(-9).
1
Let d(g) be the first derivative of -4*g + 3*g - 37 + 6 + 2*g**2. Dete